the highest common factor of v and 6.
3
Suppose -2*k + 15 = -1. Suppose 2*m = -0*m + k. What is the greatest common divisor of 32 and m?
4
Let c = -160 - -457. Calculate the greatest common divisor of c and 33.
33
Let c be -6*-1*(-4)/(-6). Suppose -10*b + c*b = 0. Suppose 5*u - 3*i + 2*i - 108 = b, u - 30 = -4*i. Calculate the highest common divisor of u and 55.
11
Suppose -5*v - 102 = -4*d + 198, 148 = 2*d - 3*v. Suppose f - 40 = -39, 3*p - 101 = -5*f. Calculate the greatest common divisor of p and d.
16
Let a = -128 + 133. Let n be (-7)/(1*2/(-4)). Suppose -15*v + n*v = -a. Calculate the greatest common divisor of v and 2.
1
Suppose 3*t + 699 = 6*t + 3*d, 3*t + 5*d = 689. What is the greatest common divisor of 1071 and t?
119
Suppose 5*l + 55 = 5*f, 0*f + 5*f + 2*l = 34. Suppose 4*a + f = -2*n, 9*n - 5*a = 14*n. What is the highest common factor of n and 32?
4
Let k be -1*((-5 - -6) + -4). Calculate the highest common divisor of k and 87.
3
Suppose -4*h = -3*h. Let a be 348/(-12)*(h - 1). Suppose 1220 = 4*x - 56. What is the greatest common divisor of x and a?
29
Suppose 8*x - 20 - 12 = 0. Suppose 2*i - x - 18 = 0. Calculate the greatest common divisor of 44 and i.
11
Let r(c) = 8*c**2 + c - 9. Let x be r(6). Suppose -4*i + j + 228 = -0*i, x = 5*i - j. What is the greatest common divisor of i and 38?
19
Let k be 12/32 + (-39)/(-24). Let u be ((280/15)/(-1))/(k/(-9)). Let s(m) = 2*m. Let c be s(6). What is the greatest common factor of u and c?
12
Suppose 3*o - 14 - 1 = 0. Suppose -5*h = -5*a + 115, 0 = 4*a + 2*h + 2*h - 108. Calculate the greatest common factor of o and a.
5
Let k(o) = 2*o**2 - 10*o + 3. Let w be k(9). Let l = 747 + -702. Calculate the greatest common factor of l and w.
15
Let x = -327 + 415. What is the highest common factor of 44 and x?
44
Let i(n) = 13*n**3 - 1. Let p be i(1). Let s(a) = -2*a + 3. Let x be s(3). Let b be 24*x/(30/(-25)). Calculate the highest common factor of b and p.
12
Let k be (-2)/(-12) - (-70)/12. Let r be (21/(-14))/(k/(-8)). Suppose -318 = -r*v - 80. Calculate the highest common divisor of 17 and v.
17
Let g = 372 + -295. Calculate the greatest common divisor of 7 and g.
7
Let r = -416 + 479. What is the highest common factor of 168 and r?
21
Let z = -225 + 241. Let t be 80*1*(0 + 1). What is the greatest common divisor of z and t?
16
Suppose -n + 2*o = 1, -2*o - 3 - 6 = -3*n. Suppose -n*i = 158 - 683. Calculate the greatest common factor of i and 15.
15
Let w be 788 - ((-5)/1 - -9 - -1). Calculate the highest common divisor of 29 and w.
29
Let d = -16 - -18. Suppose -d*t = -16 + 8. Calculate the highest common factor of t and 3.
1
Suppose -8 = -2*i - 2*i. Suppose 0 = 5*s - 2 + 12, -3*w - 2*s = -62. Calculate the highest common factor of i and w.
2
Suppose -101 = -3*r + z, -2*z = -3*r + 51 + 49. Suppose 0 = 15*d - 17*d + r. Let k = -21 - -106. What is the greatest common factor of d and k?
17
Suppose -6 = -r + 138. Suppose 2*j = 2 + 94. What is the greatest common factor of r and j?
48
Let h be ((-8)/12)/(1/(-57)). Let x be (h/8)/(23/(-184)). Let l = -18 - x. What is the highest common factor of l and 140?
20
Suppose 2*c - 3*c = -4. Suppose -36 = -0*n - c*n. Let l = n - 1. Calculate the highest common divisor of l and 64.
8
Suppose -4*m + 2*v + 3*v - 90 = 0, 4*m + 4*v + 72 = 0. Let n be (0 - 0) + m/(-4). Suppose n = t - 21. What is the greatest common divisor of 52 and t?
26
Let a(h) = -33*h - 61. Let l be a(-3). Calculate the highest common divisor of 14 and l.
2
Let h(p) = -p**3 + 8*p**2 + 4*p - 3. Let s be h(8). Let q = s - -28. Suppose 0 = 2*l - q + 1. What is the highest common divisor of 7 and l?
7
Let s(q) = 2*q**3 + q**2 - 2*q + 3. Let p be s(2). Suppose 33*h + 110 = 35*h. Let v = -36 + h. What is the greatest common factor of p and v?
19
Let p be (0 + 0 + -3)/(3/(-18)). Suppose p*x - 24 = 264. What is the highest common divisor of 4 and x?
4
Let y be ((-24)/(-9))/((70/(-21))/(-10)). What is the greatest common factor of y and 148?
4
Let k(p) = 7*p**2 + 129*p - 55. Let o be k(-19). Let v = -4 - -7. Calculate the highest common factor of v and o.
3
Let q = 714 - 704. Let r(z) = z**2 - 7*z + 12. Let c be r(9). Calculate the highest common factor of c and q.
10
Let h(b) = b**3 - 10*b**2 - b + 12. Let w be h(10). Suppose w*x + 3*x - 5 = 0. Let f be x/(3 - (-356)/(-120)). Calculate the highest common factor of 12 and f.
6
Let a(b) = -2*b**2 + 43*b - 185. Let n be a(10). Calculate the greatest common factor of n and 155.
5
Let p(m) = -28*m + 18. Let u(r) = -9*r + 6. Let h(d) = -3*p(d) + 10*u(d). Let y be h(-3). What is the highest common factor of y and 36?
12
Suppose 274 = 2*s + 5*g + 74, s - 100 = 5*g. Let h = -58 + s. Calculate the greatest common factor of h and 14.
14
Let u(o) = 13*o**2 - 4*o - 24. Let x be u(4). What is the greatest common factor of x and 24?
24
Let r be -9*3*(-6)/27. Suppose r*z = 10*z - 192. Let c(g) = 16*g + 8. Let a be c(7). What is the highest common divisor of z and a?
24
Suppose 4*q + 2*z + 3*z = 200, -2*z - 50 = -q. Let a = q - 45. Calculate the greatest common factor of 5 and a.
5
Let q be 10/(-4) + 5/(-10). Let k(g) = -13*g + 1. Let j be k(q). Let i(m) = m**2 + 35*m - 58. Let v be i(-37). Calculate the greatest common factor of v and j.
8
Let n be (220/(-15))/((-38)/12 - -3). Let q = n + -43. Calculate the greatest common divisor of 9 and q.
9
Let f = 2277 - 2227. Calculate the highest common divisor of 150 and f.
50
Let f(r) = 8*r**2. Let z be f(2). Suppose 3*k - 12 = -k - 4*p, 0 = -3*p + 3. Suppose -k*a + 7*a = 1280. Calculate the highest common factor of a and z.
32
Let q = -627 + 640. What is the greatest common factor of q and 169?
13
Suppose 2*b - 6*b = 3*a + 39, -36 = 2*b - 4*a. Let u be ((2 - 0) + b)*-1. Let p = -45 + 155. Calculate the greatest common factor of p and u.
10
Suppose 2946 - 966 = 4*d. Suppose -4*w = -2*o + 198, -5*w - d = -5*o - w. Calculate the greatest common factor of o and 11.
11
Let c = 85 + -52. Suppose 3*g - 5*u = 41 - 1, 0 = 5*u + 25. Suppose 3*n + 3*q - 18 = 0, -g*q - 34 = -3*n + 24. Calculate the highest common divisor of c and n.
11
Suppose -33*y + 164 = -31*y. Suppose 204 = 11*f - y. What is the greatest common divisor of 182 and f?
26
Suppose -24 = 17*c - 25*c. Let k(f) = -f**3 - 5*f**2 + f + 5. Let w be k(-5). Suppose -9 = -c*x - w*x. Calculate the highest common divisor of 30 and x.
3
Let w = 218 - 212. Suppose -2*u - r + 13 = w, 4*r + 7 = -u. Suppose -35 = k - 2*k. What is the highest common factor of k and u?
5
Let u = 70 - 15. Suppose 22*g = 4*l + 20*g - 66, -5*l - 3*g + u = 0. What is the greatest common factor of 2 and l?
2
Suppose v = -h + 4, 2*v - 4*v + 3*h = 12. Suppose 0 = -2*i - v*i + 16. What is the highest common factor of 8 and i?
8
Let x(l) = 19*l**2 - 150*l + 7. Let y be x(8). What is the highest common divisor of y and 529?
23
Suppose -5*n = -z + 44, 3*z - 33 = 4*n - 0*z. Let p = n + 13. Calculate the greatest common divisor of p and 32.
4
Let g(x) = x**3 - 6*x**2 - 8*x + 6. Let r be g(7). Let z(m) = 29*m**2 + 1. Let d be z(r). What is the greatest common factor of 12 and d?
6
Let y(t) = -10 - 8*t + 2*t - 12 + 8. Let h(c) = 10*c**3 + 1. Let r be h(-1). Let u be y(r). What is the highest common divisor of u and 8?
8
Suppose 6*m = 14*m - 6072. What is the greatest common factor of m and 138?
69
Let k = -8 - -32. Let u(a) = -a**3 + 14*a**2 - 19*a + 12. Let s be u(12). What is the greatest common factor of k and s?
24
Let t(u) = -u**3 + 6*u**2 - 5*u - 1. Let k be t(4). Suppose 3*n - 58*i = -62*i + 99, n - 33 = -4*i. Calculate the highest common factor of n and k.
11
Let g be (-14366)/(-44) - (-3)/(-2). Calculate the greatest common divisor of 13 and g.
13
Let q(v) = 6*v**2 + 139*v + 38. Let z be q(-26). Calculate the highest common factor of 30 and z.
30
Suppose 4*f - 615 = -603. What is the highest common factor of f and 69?
3
Suppose 3*j - 619 = -h - 0*h, -5*j = 4*h - 1041. Let l = -105 + j. Let c = 53 + l. What is the highest common divisor of c and 17?
17
Let v(c) = 2 + 5 + c**2 + 476*c - 477*c. Let b be v(5). Calculate the highest common factor of 189 and b.
27
Let k = -83 - -236. Let c(m) = 12*m - 4. Let s(a) = -13*a + 5. Let n(d) = 4*c(d) + 3*s(d). Let r be n(2). What is the highest common divisor of k 